176
Calculate the remainder when 68140 is divided by 136.
4
What is the remainder when 120820 is divided by 30201?
16
Calculate the remainder when 63216 is divided by 427.
20
What is the remainder when 361199 is divided by 12?
11
What is the remainder when 6502 is divided by 16?
6
Calculate the remainder when 73156 is divided by 274.
272
Calculate the remainder when 301519 is divided by 80.
79
What is the remainder when 8568 is divided by 856?
8
Calculate the remainder when 5474 is divided by 183.
167
What is the remainder when 190028 is divided by 31665?
38
Calculate the remainder when 14535 is divided by 3531.
411
Calculate the remainder when 97672 is divided by 528.
520
What is the remainder when 6890 is divided by 49?
30
Calculate the remainder when 6842 is divided by 49.
31
What is the remainder when 1345 is divided by 181?
78
What is the remainder when 604130 is divided by 52?
46
What is the remainder when 13719 is divided by 1990?
1779
What is the remainder when 6465 is divided by 1067?
63
Calculate the remainder when 5302 is divided by 136.
134
Calculate the remainder when 333163 is divided by 13.
12
Calculate the remainder when 22318 is divided by 248.
246
What is the remainder when 160910 is divided by 19?
18
What is the remainder when 45394 is divided by 13?
11
Calculate the remainder when 4989 is divided by 2429.
131
What is the remainder when 10333 is divided by 4668?
997
What is the remainder when 134095 is divided by 149?
144
Calculate the remainder when 6228 is divided by 535.
343
Calculate the remainder when 1372 is divided by 26.
20
Calculate the remainder when 838233 is divided by 31.
24
What is the remainder when 3138 is divided by 460?
378
Calculate the remainder when 10170 is divided by 679.
664
What is the remainder when 42840 is divided by 7135?
30
What is the remainder when 14602 is divided by 542?
510
What is the remainder when 7951 is divided by 2646?
13
Calculate the remainder when 59307 is divided by 706.
3
What is the remainder when 31105 is divided by 47?
38
What is the remainder when 1694823 is divided by 244?
243
What is the remainder when 12192 is divided by 8?
0
Calculate the remainder when 505267 is divided by 17.
10
What is the remainder when 3992 is divided by 1993?
6
What is the remainder when 6738 is divided by 327?
198
What is the remainder when 2505 is divided by 1251?
3
What is the remainder when 20209 is divided by 76?
69
Calculate the remainder when 4087 is divided by 44.
39
Calculate the remainder when 50360 is divided by 4578.
2
What is the remainder when 254142 is divided by 391?
383
Calculate the remainder when 9683373 is divided by 1625.
1623
Calculate the remainder when 6688 is divided by 186.
178
Calculate the remainder when 21139 is divided by 113.
8
What is the remainder when 11163 is divided by 252?
75
What is the remainder when 39399 is divided by 95?
69
Calculate the remainder when 10583131 is divided by 1198.
1197
Calculate the remainder when 34949 is divided by 92.
81
What is the remainder when 365223 is divided by 217?
12
What is the remainder when 422 is divided by 150?
122
Calculate the remainder when 38525 is divided by 14.
11
Calculate the remainder when 43735 is divided by 347.
13
What is the remainder when 210508 is divided by 90?
88
Calculate the remainder when 961503 is divided by 78.
75
What is the remainder when 4343 is divided by 687?
221
Calculate the remainder when 35714 is divided by 92.
18
What is the remainder when 7818 is divided by 163?
157
What is the remainder when 28152 is divided by 21?
12
What is the remainder when 2474 is divided by 31?
25
What is the remainder when 68506 is divided by 93?
58
Calculate the remainder when 58985 is divided by 339.
338
Calculate the remainder when 1985 is divided by 12.
5
Calculate the remainder when 158550 is divided by 155.
140
What is the remainder when 556906 is divided by 23204?
10
Calculate the remainder when 14583 is divided by 1215.
3
Calculate the remainder when 5588773 is divided by 9.
7
Calculate the remainder when 343992 is divided by 85995.
12
Calculate the remainder when 21315 is divided by 34.
31
Calculate the remainder when 48888 is divided by 67.
45
Calculate the remainder when 13778 is divided by 22.
6
What is the remainder when 219527 is divided by 24?
23
Calculate the remainder when 7103 is divided by 21.
5
Calculate the remainder when 4031 is divided by 113.
76
Calculate the remainder when 123240 is divided by 63.
12
What is the remainder when 35742 is divided by 577?
545
Calculate the remainder when 14729 is divided by 201.
56
Calculate the remainder when 11735 is divided by 1157.
165
Calculate the remainder when 258242 is divided by 187.
182
Calculate the remainder when 48970 is divided by 2128.
26
Calculate the remainder when 3173 is divided by 115.
68
What is the remainder when 21919 is divided by 46?
23
Calculate the remainder when 573 is divided by 172.
57
What is the remainder when 11274 is divided by 73?
32
What is the remainder when 4204 is divided by 151?
127
What is the remainder when 2332 is divided by 6?
4
Calculate the remainder when 48925 is divided by 48919.
6
What is the remainder when 711349 is divided by 35?
9
Calculate the remainder when 21021 is divided by 75.
21
Calculate the remainder when 15180 is divided by 282.
234
Calculate the remainder when 50484 is divided by 16773.
165
What is the remainder when 15081 is divided by 3767?
13
Calculate the remainder when 56700 is divided by 3150.
0
What is the remainder when 1442 is divided by 36?
2
Calculate the remainder when 673 is divided by 480.
193
What is the remainder when 165049 is divided by 753?
142
What is the remainder when 2629 is divided by 328?
5
Calculate the remainder when 305627 is divided by 125.
2
What is the remainder when 800 is divided by 221?
137
What is the remainder when 47124 is divided by 96?
84
What is the remainder when 3515 is divided by 302?
193
Calculate the remainder when 2679 is divided by 168.
159
What is the remainder when 39591 is divided by 233?
214
What is the remainder when 2219 is divided by 5?
4
What is the remainder when 15925 is divided by 4?
1
What is the remainder when 328439 is divided by 510?
509
Calculate the remainder when 508 is divided by 505.
3
Calculate the remainder when 9629 is divided by 10.
9
What is the remainder when 311670 is divided by 6493?
6
Calculate the remainder when 3697 is divided by 283.
18
Calculate the remainder when 718377 is divided by 60.
57
Calculate the remainder when 11769 is divided by 75.
69
What is the remainder when 2030 is divided by 57?
35
Calculate the remainder when 5619 is divided by 129.
72
What is the remainder when 575653 is divided by 94?
91
Calculate the remainder when 1387 is divided by 680.
27
What is the remainder when 32604 is divided by 10844?
72
What is the remainder when 40367 is divided by 178?
139
Calculate the remainder when 50787 is divided by 876.
855
Calculate the remainder when 5753 is divided by 1792.
377
What is the remainder when 128805 is divided by 179?
104
What is the remainder when 109057 is divided by 54524?
9
Calculate the remainder when 10691 is divided by 324.
323
Calculate the remainder when 706991 is divided by 88.
87
What is the remainder when 571785 is divided by 63?
60
Calculate the remainder when 105737 is divided by 31.
27
Calculate the remainder when 24669 is divided by 24658.
11
Calculate the remainder when 2925 is divided by 1.
0
Calculate the remainder when 81616 is divided by 1103.
1097
What is the remainder when 1855 is divided by 31?
26
Calculate the remainder when 179548 is divided by 105.
103
Calculate the remainder when 494 is divided by 15.
14
Calculate the remainder when 146440 is divided by 179.
18
Calculate the remainder when 3590694 is divided by 11.
8
What is the remainder when 37977 is divided by 18?
15
Calculate the remainder when 4988 is divided by 28.
4
What is the remainder when 2115 is divided by 350?
15
What is the remainder when 45294 is divided by 1293?
39
Calculate the remainder when 1854 is divided by 69.
60
What is the remainder when 3830 is divided by 3812?
18
What is the remainder when 10219 is divided by 422?
91
What is the remainder when 7344 is divided by 1714?
488
Calculate the remainde